*j + 4 = 0. Let v be 25 - (-2 - (-1 + -5)). Calculate the highest common divisor of h and v.
21
Let k = 45 + -7. Let i(o) = -21*o + 21. Let u be i(-3). Suppose -u*w + 81*w = -285. Calculate the greatest common factor of w and k.
19
Suppose 23782 = -3*w - i, -6*w - 2*i = -2*w + 31706. Let l be 0 + (-3)/8 + w/(-24). What is the greatest common divisor of l and 30?
30
Suppose 19412 = 14*k - 3702. What is the highest common factor of 39 and k?
13
Let s be 0 - (-2 - (-5)/3)*9. Suppose s*f = 11*f - 48. Let j = -37 + 52. What is the greatest common factor of j and f?
3
Let i(l) = -4*l**3 + 14*l**2 + 11*l + 29. Let a be i(-6). Calculate the greatest common factor of 22 and a.
11
Let g = 2238 + -2139. Let v = -71 - -143. What is the highest common factor of g and v?
9
Let a = 3648 + 2013. Calculate the greatest common factor of 444 and a.
111
Suppose 86*l + 6*l + 125*l - 66402 = 0. What is the highest common factor of l and 1462?
34
Let w = 98 + -158. Let d be (-45112)/w - 14/(-105). Calculate the highest common factor of 16 and d.
16
Let i = 2987 - 2974. Calculate the highest common divisor of i and 3159.
13
Let h(x) = -81 - 6 - 1372*x + 1396*x - 33. Let n be h(19). What is the greatest common divisor of 21 and n?
21
Let j(p) = -1039*p - 4891. Let b be j(-5). Let m(u) = -4*u - 5. Let l be m(-6). What is the greatest common factor of b and l?
19
Let k be (-2 - -7)/((-61)/(-1403)). Calculate the highest common factor of k and 10.
5
Let p(s) = -977*s + 524. Let c be p(-2). Calculate the highest common factor of 28 and c.
14
Let l(u) = -u**3 - 40*u**2 - 345*u - 2. Let c be l(-28). Calculate the highest common divisor of c and 2.
2
Let c(m) = 639*m - 3790. Let r be c(6). What is the highest common factor of r and 671?
11
Let m = -15 - -17. Suppose 5*o - 2*j = m*j + 150, 0 = o + 5*j - 59. Let y = o + -27. Calculate the greatest common divisor of 14 and y.
7
Let t be ((-1)/(-3))/((-7)/63) + (-951 - -969). Let o = 285 - 165. Calculate the highest common divisor of t and o.
15
Let n = 211 - 217. Let b be 0 - (-41 - 5 - n). Let u = -5 - -10. What is the highest common divisor of u and b?
5
Let c(s) = 65*s - 6807. Let n be c(128). Calculate the greatest common factor of n and 178.
89
Suppose -15 = 3*s - 8*s. Suppose -20 = 5*x, 0*r = 2*r - s*x - 108. Let t be 55/22*-6 + 31. Calculate the highest common divisor of r and t.
16
Suppose 0 = 32*m - 37*m - 3915. Let s be m/(-12) - (222/24 + -9). Calculate the highest common divisor of 1105 and s.
65
Let z be 3*(-1)/((-3)/(-2)). Let a be 3*20/(-6)*z. Let l(g) = -g**3 - 30*g**2 + 436*g + 12635. Let m be l(-31). Calculate the greatest common factor of m and a.
20
Let c be 5 + -3*(-4 + -1)/15. Let a be -23 + 21 + 3/(c/148). Calculate the highest common divisor of 252 and a.
36
Let j(g) = 11*g**3 - 2*g**2 + 4*g - 3. Let x be j(2). Suppose -2*n - 4479 = 3*m - 4493, 3*m = n + 38. What is the greatest common factor of x and m?
5
Let t = 38857 + -36708. Calculate the highest common factor of 14 and t.
7
Suppose 17883 - 58383 = -27*g. Calculate the highest common divisor of g and 160.
20
Suppose 0 = -4*h + z + 322, h - 2*h = -5*z - 90. Let b = -656 + 660. What is the highest common divisor of b and h?
4
Suppose 0 = -k - q + 45, q = 50*k - 45*k - 195. What is the highest common divisor of 25 and k?
5
Suppose -14*g = -5*j - 17*g + 2299, 2285 = 5*j + 5*g. What is the greatest common factor of 261 and j?
29
Suppose 7*i = 9*i + 4*g - 14, 0 = 4*i + 4*g - 32. Suppose -1056 = -13*x - i*x. Calculate the greatest common divisor of x and 16.
16
Suppose -5*s + 2*s + 34 = u, 0 = -s. Let m(x) = 174*x + 6. Let w be m(7). Suppose -7*q - w = -31*q. What is the highest common divisor of u and q?
17
Let v(d) = d**2 - d + 15. Let g be v(-5). Let o be (14/(-56))/(9/(-972)). What is the greatest common factor of g and o?
9
Let x be -7 - 2/(-4)*38. Let p(u) = -u**3 + 11*u**2 + 14*u - 18. Let n be p(x). Let g = -3 - -6. What is the highest common divisor of g and n?
3
Let i(n) = 8*n**2 + 30*n - 355. Let z be i(12). What is the greatest common divisor of 26 and z?
13
Suppose -632 = -5*a + q, -q - 227 + 855 = 5*a. Calculate the highest common factor of a and 350.
14
Let y(w) = -2 + 10 - 7 - 3*w**2. Let h be y(-1). Let s be (-310)/(-25) + (4/5)/h. What is the highest common divisor of 24 and s?
12
Let s be (-5 + 7)/(3/90*4). Suppose 13*i + 66 = s*i. What is the highest common divisor of 132 and i?
33
Suppose 65*l = 154*l - 16910. What is the highest common divisor of 1615 and l?
95
Suppose 119*d - 56 = 117*d. Suppose 24*t = 28*t + d. Let f = 43 - t. Calculate the highest common factor of f and 2.
2
Let v(b) = 18 - 8*b**2 + 16*b - b**3 - 57 - 8*b**2. Let i be v(-17). Let z be (-1)/(-4)*-1*i*36. What is the greatest common divisor of 18 and z?
18
Let v(x) = x**2 + 70*x + 17. Let j be v(0). What is the greatest common divisor of j and 3723?
17
Let o be 1 - -42 - (-41 + 34). Suppose -2*b = -b - o. Calculate the greatest common factor of b and 125.
25
Let r(i) = -i**3 - 5*i**2 + 6. Let p be r(-5). Let j be 1*3130/20 - 2/4. Suppose 93*f = 67*f + j. Calculate the highest common factor of f and p.
6
Let g = 87 + -84. Suppose 2*a = l - 0*l - 226, 5*l = g*a + 1095. Let x be (-24)/(-14)*(-42)/(-3). What is the highest common divisor of x and l?
24
Let z be ((-2)/2 - -3) + 5. Let p be (5 - 56/8) + 113 + -2. Suppose -p = -4*u + x, x + 26 = 5*u - 111. Calculate the greatest common factor of z and u.
7
Let f be (4/6)/((-96)/(-16848)). Let d be (-9 - -50) + (1 - -3). What is the highest common factor of f and d?
9
Let k(s) = -2*s**2 + 57*s - 24. Let a be k(28). Suppose -a*r = -4*t - 1104, -r - 2*t + t = -276. What is the greatest common divisor of r and 12?
12
Suppose 25*p + 0 = 175. Suppose 5*g = 4*u + 182, p - 37 = -g + 4*u. Calculate the highest common factor of g and 418.
38
Let g(j) = -j**2 - 157*j - 2403. Let s be g(-138). Calculate the greatest common divisor of 19637 and s.
73
Suppose -14*k + 0*k + 28 = 0. Let q(t) = t**3 - 8*t**2 + 7*t + 8. Let l be q(7). Let w be (-1275)/(-60) - k/l. What is the greatest common factor of 21 and w?
21
Suppose -u + 4*n + 4 = 0, -5*u - 126*n + 123*n = -43. What is the highest common divisor of u and 648?
8
Let a = 328 - -452. Suppose 39*w - 42*w + a = 0. What is the greatest common factor of 104 and w?
52
Let j(x) = 18*x + 74. Let f be j(-4). Suppose 2*p = 2*y - 0*y - 1276, y - f*p = 638. Calculate the greatest common factor of y and 22.
22
Let q(o) = -o**2 + o - 25. Suppose -10*t + 10 = -8*t. Let z be q(t). Let i be z/(-4)*(-16)/(-6). What is the greatest common factor of i and 30?
30
Suppose 750 = 82*f - 77*f. Let w = f + -148. Let a(j) = -j + 1. Let h be a(-1). Calculate the greatest common factor of w and h.
2
Suppose 0 = 2*r - 3 - 5. Suppose 2*u + 1 = 3*b, 2*u = 5*b + 2 + 3. Let c be 390/45 + 2/b. Calculate the greatest common divisor of c and r.
4
Let w(b) = -43*b + 84. Let g be w(-17). Suppose -6*l - 3*y = -4*l - g, 0 = -3*y + 3. Calculate the highest common divisor of l and 58.
58
Let u(s) = -s**3 - 8*s**2 - 4*s + 4. Let m be -42 - 2*(-15)/10. Let h = -47 - m. Let x be u(h). Calculate the greatest common divisor of x and 252.
36
Let y be 2120/(-15) - (-5)/(-3). Let j be 9/12 - y/44. What is the greatest common factor of 4 and j?
4
Let a be -9 + 714/77 + (-36888)/(-22). What is the greatest common divisor of 195 and a?
39
Let a = 11622 + -11474. What is the highest common divisor of 180 and a?
4
Let s be (-2 - (18 - -532))*1/(-2). Calculate the greatest common factor of s and 28.
4
Let c be 2/(-9) - ((-104)/36)/13. Suppose 4*x - 17 - 7 = c. Calculate the greatest common factor of x and 12.
6
Let h(a) = -2 + 2 + a + 6*a**3 - 2*a**2. Let s be h(1). Let x(j) = -13*j**2 - 76*j. Let y be x(-5). What is the highest common factor of s and y?
5
Suppose -5*z = -121 + 91. Let q be (-3 - -9) + z - 8. What is the highest common divisor of 268 and q?
4
Let j(o) = 24*o - 24. Let b be j(2). Suppose -2*i = -5*i + 432. Suppose -2*v - q = -4*v + 72, 0 = 4*v - 5*q - i. What is the greatest common divisor of v and b?
12
Suppose -x - 120 = 9*x. Let d be 4 + -4 + (-3 - x). Calculate the greatest common divisor of d and 1.
1
Let y(t) = -t**2 - 152*t + 794. Let x be y(5). Suppose -32 = -5*j + 3. Suppose 0 = 5*p + 3*w + 1, -5*p + j = -w. What 